 when 907 is divided by 323.
261
What is the remainder when 77 is divided by 31?
15
What is the remainder when 567 is divided by 123?
75
Calculate the remainder when 1256 is divided by 210.
206
Calculate the remainder when 259 is divided by 67.
58
Calculate the remainder when 204 is divided by 7.
1
Calculate the remainder when 158 is divided by 54.
50
Calculate the remainder when 1866 is divided by 22.
18
Calculate the remainder when 143 is divided by 37.
32
Calculate the remainder when 4130 is divided by 18.
8
What is the remainder when 1313 is divided by 18?
17
What is the remainder when 47 is divided by 34?
13
Calculate the remainder when 551 is divided by 138.
137
What is the remainder when 143 is divided by 55?
33
Calculate the remainder when 3692 is divided by 40.
12
What is the remainder when 2847 is divided by 77?
75
Calculate the remainder when 164 is divided by 106.
58
What is the remainder when 73 is divided by 22?
7
Calculate the remainder when 368 is divided by 75.
68
Calculate the remainder when 212 is divided by 22.
14
Calculate the remainder when 77 is divided by 22.
11
Calculate the remainder when 160 is divided by 60.
40
What is the remainder when 789 is divided by 25?
14
Calculate the remainder when 108 is divided by 64.
44
What is the remainder when 4077 is divided by 8?
5
Calculate the remainder when 33 is divided by 10.
3
What is the remainder when 220 is divided by 111?
109
Calculate the remainder when 2548 is divided by 22.
18
Calculate the remainder when 338 is divided by 108.
14
Calculate the remainder when 901 is divided by 82.
81
Calculate the remainder when 84 is divided by 74.
10
Calculate the remainder when 287 is divided by 77.
56
What is the remainder when 769 is divided by 110?
109
What is the remainder when 855 is divided by 94?
9
Calculate the remainder when 1010 is divided by 29.
24
Calculate the remainder when 241 is divided by 228.
13
What is the remainder when 478 is divided by 65?
23
Calculate the remainder when 229 is divided by 39.
34
Calculate the remainder when 277 is divided by 58.
45
Calculate the remainder when 1273 is divided by 343.
244
What is the remainder when 125 is divided by 33?
26
Calculate the remainder when 3098 is divided by 33.
29
What is the remainder when 2789 is divided by 49?
45
Calculate the remainder when 10687 is divided by 50.
37
What is the remainder when 70 is divided by 18?
16
What is the remainder when 572 is divided by 275?
22
Calculate the remainder when 78 is divided by 20.
18
What is the remainder when 218 is divided by 10?
8
Calculate the remainder when 357 is divided by 171.
15
Calculate the remainder when 38 is divided by 19.
0
Calculate the remainder when 2661 is divided by 121.
120
Calculate the remainder when 296 is divided by 101.
94
Calculate the remainder when 121 is divided by 25.
21
What is the remainder when 15517 is divided by 160?
157
What is the remainder when 5509 is divided by 167?
165
What is the remainder when 61 is divided by 21?
19
Calculate the remainder when 90 is divided by 3.
0
Calculate the remainder when 1125 is divided by 162.
153
Calculate the remainder when 13545 is divided by 6770.
5
Calculate the remainder when 161 is divided by 59.
43
What is the remainder when 90 is divided by 16?
10
What is the remainder when 3688 is divided by 10?
8
Calculate the remainder when 81 is divided by 33.
15
What is the remainder when 408 is divided by 33?
12
What is the remainder when 1556 is divided by 32?
20
What is the remainder when 137 is divided by 12?
5
What is the remainder when 620 is divided by 5?
0
Calculate the remainder when 2457 is divided by 220.
37
Calculate the remainder when 726 is divided by 15.
6
Calculate the remainder when 440 is divided by 190.
60
What is the remainder when 138 is divided by 9?
3
Calculate the remainder when 480 is divided by 13.
12
What is the remainder when 1033 is divided by 232?
105
What is the remainder when 26 is divided by 9?
8
Calculate the remainder when 937 is divided by 59.
52
Calculate the remainder when 38 is divided by 21.
17
Calculate the remainder when 3131 is divided by 13.
11
Calculate the remainder when 1309 is divided by 101.
97
Calculate the remainder when 45 is divided by 12.
9
Calculate the remainder when 4343 is divided by 41.
38
Calculate the remainder when 144 is divided by 73.
71
Calculate the remainder when 21 is divided by 4.
1
What is the remainder when 242 is divided by 127?
115
What is the remainder when 668 is divided by 216?
20
What is the remainder when 126 is divided by 26?
22
Calculate the remainder when 38 is divided by 32.
6
What is the remainder when 2207 is divided by 5?
2
What is the remainder when 6363 is divided by 43?
42
What is the remainder when 746 is divided by 304?
138
Calculate the remainder when 1855 is divided by 32.
31
Calculate the remainder when 1105 is divided by 545.
15
What is the remainder when 42 is divided by 14?
0
What is the remainder when 471 is divided by 19?
15
What is the remainder when 501 is divided by 16?
5
Calculate the remainder when 470 is divided by 358.
112
What is the remainder when 210 is divided by 36?
30
What is the remainder when 106 is divided by 77?
29
Calculate the remainder when 214 is divided by 14.
4
Calculate the remainder when 732 is divided by 237.
21
Calculate the remainder when 679 is divided by 180.
139
Calculate the remainder when 163 is divided by 47.
22
What is the remainder when 457 is divided by 65?
2
Calculate the remainder when 64 is divided by 13.
12
Calculate the remainder when 129 is divided by 10.
9
What is the remainder when 2800 is divided by 42?
28
What is the remainder when 654 is divided by 317?
20
What is the remainder when 30 is divided by 10?
0
Calculate the remainder when 873 is divided by 19.
18
What is the remainder when 82 is divided by 15?
7
Calculate the remainder when 1541 is divided by 171.
2
What is the remainder when 145 is divided by 19?
12
Calculate the remainder when 9784 is divided by 14.
12
Calculate the remainder when 653 is divided by 9.
5
What is the remainder when 1181 is divided by 11?
4
Calculate the remainder when 2373 is divided by 133.
112
What is the remainder when 162 is divided by 36?
18
Calculate the remainder when 4137 is divided by 2067.
3
What is the remainder when 377 is divided by 14?
13
Calculate the remainder when 1271 is divided by 75.
71
What is the remainder when 4182 is divided by 135?
132
Calculate the remainder when 244 is divided by 23.
14
What is the remainder when 2837 is divided by 57?
44
Calculate the remainder when 302 is divided by 76.
74
What is the remainder when 474 is divided by 53?
50
What is the remainder when 669 is divided by 94?
11
Calculate the remainder when 1449 is divided by 10.
9
Calculate the remainder when 618 is divided by 24.
18
What is the remainder when 178 is divided by 48?
34
Calculate the remainder when 174 is divided by 46.
36
What is the remainder when 436 is divided by 74?
66
What is the remainder when 46 is divided by 7?
4
What is the remainder when 215 is divided by 54?
53
What is the remainder when 504 is divided by 163?
15
What is the remainder when 28558 is divided by 136?
134
What is the remainder when 1887 is divided by 126?
123
Calculate the remainder when 607 is divided by 87.
85
What is the remainder when 2356 is divided by 391?
10
Calculate the remainder when 44 is divided by 18.
8
Calculate the remainder when 245 is divided by 216.
29
Calculate the remainder when 9539 is divided by 29.
27
What is the remainder when 1442 is divided by 143?
12
Calculate the remainder when 3049 is divided by 191.
184
What is the remainder when 359 is divided by 25?
9
Calculate the remainder when 1697 is divided by 157.
127
Calculate the remainder when 285 is divided by 8.
5
What is the remainder when 917 is divided by 156?
137
What is the remainder when 602 is divided by 599?
3
What is the remainder when 50 is divided by 14?
8
What is the remainder when 865 is divided by 93?
28
Calculate the remainder when 9756 is divided by 82.
80
What is the remainder when 212 is divided by 71?
70
What is the remainder when 1843 is divided by 44?
39
Calculate the remainder when 818 is divided by 173.
126
Calculate the remainder when 57596 is divided b